{"id":566,"date":"2022-07-20T11:53:36","date_gmt":"2022-07-20T09:53:36","guid":{"rendered":"https:\/\/www.gharecords.com\/catalogue\/libertes-et-determinismes-de-la-guitare\/"},"modified":"2024-12-08T21:37:02","modified_gmt":"2024-12-08T20:37:02","slug":"libertes-et-determinismes-de-la-guitare-2","status":"publish","type":"product","link":"https:\/\/www.gharecords.com\/en\/catalogue\/libertes-et-determinismes-de-la-guitare-2\/","title":{"rendered":"Libert\u00e9s et d\u00e9terminismes de la guitare"},"content":{"rendered":"<p>*** THIS BOOK IS ONLY AVAILABLE IN FRENCH *** Rafael Andia propose un regard sur les techniques et les \u00e9critures qui ont cr\u00e9\u00e9 la guitare et continuent de d\u00e9terminer l\u2019histoire si particuli\u00e8re de son instrument : la guitare flamenca ou classique, celle du XXe si\u00e8cle ou la guitare baroque des Habsbourg de 1600. Celle r\u00eav\u00e9e par les musiciens de l\u2019Impressionnisme ou celle des Gitans de la Manufacture des Tabacs de S\u00e9ville. Il peut ainsi tisser des liens entre la <em>chitarra spagnuola <\/em>de la Contre- R\u00e9forme et la guitare actuelle qui a inspir\u00e9 \u00e0 Tristan Murail une \u0153uvre spectrale, <em>Tellur<\/em>. Un instrument partag\u00e9 entre d\u00e9terminisme des langages et libert\u00e9 des gestes.<\/p>\n","protected":false},"excerpt":{"rendered":"<p>*** THIS BOOK IS ONLY AVAILABLE IN FRENCH *** Rafael Andia propose un regard sur les techniques et les \u00e9critures qui ont cr\u00e9\u00e9 la guitare et continuent de d\u00e9terminer l\u2019histoire si particuli\u00e8re de son instrument : la guitare flamenca ou classique, celle du XXe si\u00e8cle ou la guitare baroque des Habsbourg de 1600. Celle r\u00eav\u00e9e [&hellip;]<\/p>\n","protected":false},"featured_media":493,"comment_status":"open","ping_status":"closed","template":"","meta":{"_acf_changed":false},"artiste":[88],"product_brand":[],"product_cat":[51],"product_tag":[],"class_list":{"0":"post-566","1":"product","2":"type-product","3":"status-publish","4":"has-post-thumbnail","6":"artiste-rafael-andia-en","7":"product_cat-books","9":"first","10":"instock","11":"taxable","12":"shipping-taxable","13":"purchasable","14":"product-type-simple"},"acf":[],"_links":{"self":[{"href":"https:\/\/www.gharecords.com\/en\/wp-json\/wp\/v2\/product\/566","targetHints":{"allow":["GET"]}}],"collection":[{"href":"https:\/\/www.gharecords.com\/en\/wp-json\/wp\/v2\/product"}],"about":[{"href":"https:\/\/www.gharecords.com\/en\/wp-json\/wp\/v2\/types\/product"}],"replies":[{"embeddable":true,"href":"https:\/\/www.gharecords.com\/en\/wp-json\/wp\/v2\/comments?post=566"}],"wp:featuredmedia":[{"embeddable":true,"href":"https:\/\/www.gharecords.com\/en\/wp-json\/wp\/v2\/media\/493"}],"wp:attachment":[{"href":"https:\/\/www.gharecords.com\/en\/wp-json\/wp\/v2\/media?parent=566"}],"wp:term":[{"taxonomy":"artiste","embeddable":true,"href":"https:\/\/www.gharecords.com\/en\/wp-json\/wp\/v2\/artiste?post=566"},{"taxonomy":"product_brand","embeddable":true,"href":"https:\/\/www.gharecords.com\/en\/wp-json\/wp\/v2\/product_brand?post=566"},{"taxonomy":"product_cat","embeddable":true,"href":"https:\/\/www.gharecords.com\/en\/wp-json\/wp\/v2\/product_cat?post=566"},{"taxonomy":"product_tag","embeddable":true,"href":"https:\/\/www.gharecords.com\/en\/wp-json\/wp\/v2\/product_tag?post=566"}],"curies":[{"name":"wp","href":"https:\/\/api.w.org\/{rel}","templated":true}]}}

Libertés et déterminismes de la guitare

<p>*** THIS BOOK IS ONLY AVAILABLE IN FRENCH *** Rafael Andia propose un regard sur les techniques et les écritures qui ont créé la guitare et continuent de déterminer l’histoire si particulière de son instrument : la guitare flamenca ou classique, celle du XXe siècle ou la guitare baroque des Habsbourg de 1600. Celle rêvée par les musiciens de l’Impressionnisme ou celle des Gitans de la Manufacture des Tabacs de Séville. Il peut ainsi tisser des liens entre la <em>chitarra spagnuola </em>de la Contre- Réforme et la guitare actuelle qui a inspiré à Tristan Murail une œuvre spectrale, <em>Tellur</em>. Un instrument partagé entre déterminisme des langages et liberté des gestes.</p>

<p>*** THIS BOOK IS ONLY AVAILABLE IN FRENCH *** Rafael Andia propose un regard sur les techniques et les écritures qui ont créé la guitare et continuent de déterminer l’histoire si particulière de son instrument : la guitare flamenca ou classique, celle du XXe siècle ou la guitare baroque des Habsbourg de 1600. Celle rêvée [&hellip;]</p>
